.
2, 59
Let c = 6 - 14. Let k = 0 - 3. Let l = k - c. What are the prime factors of l?
5
Let q be 1 - (3 - 5) - -1. Suppose 6*g = q*g. Suppose p - 14 = -g*p. What are the prime factors of p?
2, 7
What are the prime factors of -4 + 3 + -3 - -41?
37
Suppose 0 = y - 30 + 13. What are the prime factors of y?
17
Let v(l) be the third derivative of -3*l**4/8 + l**3/3 + l**2. List the prime factors of v(-2).
2, 5
Let w = -19 - -61. List the prime factors of w.
2, 3, 7
Let q(m) = 6*m**3 - 2*m + 1. Suppose 8*h = 5*h + 3. What are the prime factors of q(h)?
5
Suppose 2 = -3*d + 47. Suppose -5*o + d = -4*f + 71, 5*o = -4*f + 16. Let h = 16 - f. What are the prime factors of h?
7
Let b = -51 + 93. Suppose -5*h + b + 23 = 0. Suppose -4*l + 2 = -g + 3, -g - 2*l = -h. What are the prime factors of g?
3
Suppose 4*w = -11 + 31. Suppose -38 = -w*b + 17. What are the prime factors of b?
11
Let d = 0 + 1. Let k be 1/(d*(-3)/(-9)). List the prime factors of 14/4*(-1 + k).
7
Let c(l) = -l + 11. Let a be c(6). Suppose 85 = 5*f - a. What are the prime factors of f?
2, 3
Suppose -f - 3*y - 9 = -4*y, -f - 18 = -4*y. Let w = f + 1. Let p = w + 8. List the prime factors of p.
3
Suppose r + 2*l = -3, 2*r + 4*l + 12 = -2*r. List the prime factors of (1 - r)*(-9)/(-12).
3
Suppose 0 = -4*n - 2*f - 3*f + 6, -n = -2*f - 8. Let g(l) = -l**3 + 5*l**2 + l - 5. What are the prime factors of g(n)?
3, 5
Let i = -8 - -6. Let v be i/((-3)/(-3) - 0). What are the prime factors of v - (2 - 7) - -1?
2
Let s(r) = -r**2 + 6*r - 1. Let h be s(6). Let x(f) = 2*f**2 - f. What are the prime factors of x(h)?
3
Let k be 0 + 3 - (5 + -6). Suppose -2*t + t + k*w + 16 = 0, 3*t - 12 = 3*w. Suppose t = 5*y + s - 14 - 0, -5*s = 4*y - 7. What are the prime factors of y?
3
Let x be (27/(-3)*1)/(-1). Let b(t) = -t**2 + 11*t - 13. Let q be b(x). Suppose 3*u - s = 15, -q*u + 2*s - s = -25. List the prime factors of u.
5
Let i(q) = q - 15. Let x(m) = -m + 16. Let t(v) = -5*i(v) - 4*x(v). Let p be t(6). Suppose -g + 2 + 7 = -p*l, 0 = -5*l. List the prime factors of g.
3
Let s = -5 - -3. Let q be -1*2 + s + 4. List the prime factors of (1 - 0) + 7 + q.
2
Suppose -5*d - 18 = -5*f - 3, 3*d = 2*f - 9. Suppose f*h = -3*h + 180. Suppose 0 = -2*g - 3*g + h. List the prime factors of g.
2, 3
Suppose 0 = 2*m + 3 + 1. Let r(c) = -2*c**2 - 3*c - 2. Let l be r(m). List the prime factors of (l/12)/(1/(-33)).
11
What are the prime factors of (5 + -3)/((-2)/(-21))?
3, 7
Suppose 207 = 5*s + 3*u, 3*s - 5*u - 101 = -u. List the prime factors of s.
3, 13
Let a(o) = -o**3 + 10*o**2 + o - 9. Let v be a(10). Suppose -k = v - 12. What are the prime factors of k?
11
Suppose 5*s - 10 = -5*r, 4*s - 2*s = 0. List the prime factors of 0 - (2 + -8 + r).
2
Suppose -3*a + 6*a = 0. Suppose 3*t + g - 60 = a, 3*t - t = -g + 40. Suppose 4*n = 2*q + 20, q - 19 = -5*n + t. What are the prime factors of n?
7
Let i(o) = -o**3 + 5*o**2 - o + 3. Let f be i(4). Let m = f - 11. Let y = m - 0. List the prime factors of y.
2
Let i = 8 + -4. Let d be -3 - (-3 - -1) - -2. Suppose i*s - d - 67 = 0. What are the prime factors of s?
17
Let x(g) = -g**3 - 5*g**2 + 2*g - 5. List the prime factors of x(-6).
19
Let p = -12 + 22. Suppose 42 - p = 2*g. What are the prime factors of g?
2
Let x(g) = -g**2 + 2*g + 2. Let a(k) = k**2 - 3*k - 2. Suppose 1 = 3*d + 7. Let l(b) = d*a(b) - 3*x(b). What are the prime factors of l(3)?
7
Suppose 0 = -5*w + 2*w + 6. Suppose 4*v - 36 = 3*m - m, 4*m + w*v + 52 = 0. List the prime factors of 4/m - (-16)/7.
2
Let l(k) = -k**3 + 10*k**2 - 7*k + 13. What are the prime factors of l(9)?
31
Let b(d) = 3*d + 2. Let a(s) = -4*s - 3. Let q(t) = -4*a(t) - 5*b(t). Let f be 3/((-3)/(-8)) - 0. List the prime factors of q(f).
2, 5
Let u(f) = -4*f**3 + f**2 - f - 1. Let g be u(-1). Suppose -g*l + 8 = -7. What are the prime factors of l?
3
Let w be (-4)/(-2) - 2 - 0. Let f = 0 + w. Suppose -6*n + n + 60 = f. List the prime factors of n.
2, 3
Let l = 14 + -9. What are the prime factors of l?
5
Suppose o = 194 - 42. Suppose 6*q + 32 - o = 0. List the prime factors of q.
2, 5
Let k(m) = 15*m + 7. Suppose 5*u + 6*t - 18 = 2*t, -5*u - 2*t = -14. Let i(y) = -7*y - 4. Let g(x) = u*k(x) + 5*i(x). List the prime factors of g(-5).
19
Suppose -17*x + 68 = -13*x. List the prime factors of x.
17
Suppose -3*q = -5*t - q + 13, 4*t - q = 8. Let c = 2 + t. Suppose -29 = -4*o - 5*z, -2*o - 2*o = c*z - 27. List the prime factors of o.
2, 3
Let q(z) = 2*z**2 + 7*z + 3. What are the prime factors of q(-5)?
2, 3
What are the prime factors of (-24)/8 + (6 - -1)?
2
Let f = 6 - 7. Let n = 12 - f. List the prime factors of n.
13
Let g = -67 + 136. List the prime factors of g.
3, 23
Suppose 2*m - 5*j = 17 + 18, 5*j = 3*m - 40. Let k be (-3)/m - (-13)/5. What are the prime factors of 3 + 3 - (0 - k)?
2
List the prime factors of -4 + 2 + (342 + -3 - 1).
2, 3, 7
Let k = -11 - -7. Let j(v) = -3*v**3 - 1 + 2*v**3 - 2*v**2 + 6*v + 2. List the prime factors of j(k).
3
Let z = 6 + -4. Suppose -5*t + 7 = -4*l, 5*l + z*t = 5*t - 12. Let h(a) = -a**3 - 2*a**2 + a + 2. List the prime factors of h(l).
2
Let k(h) = 2*h - 2. Let v be k(11). Suppose 3*j + v + 32 = 2*q, -2*q = -j - 56. What are the prime factors of q?
29
Suppose 5*z = 3*z + 58. Let k = 40 - z. What are the prime factors of k?
11
Suppose -3*m - 66 = -5*j, -3*j - 2*m = -5*m - 36. Suppose -j + 35 = 4*s. List the prime factors of s.
5
Suppose 0 = -3*m - m + 60. List the prime factors of -14*(2 + m/(-6)).
7
Suppose 0*p = -3*p + 3. Let v be (p + (-26)/6)*3. What are the prime factors of 4/(-10) - 104/v?
2, 5
Suppose 0 = -4*r + 4*z + 8, 7*r - 2*r + 3*z - 10 = 0. Suppose -j - r = 2*b - 1, 11 = 3*b - j. What are the prime factors of b?
2
Suppose -2*d + o + 9 = 0, d + 2*o + 0 = -3. Suppose 4*r - 122 = 3*i, -d - 3 = 3*i. List the prime factors of r.
29
Suppose m + 0 - 1 = 0. What are the prime factors of ((-33)/(-9))/(m/3)?
11
What are the prime factors of -4 + 3/(6/226)?
109
Let b(i) = i**3 + 6*i**2 - 5*i. Let r be b(-6). Suppose -o - r = -4*o. What are the prime factors of o?
2, 5
Let k = 18 + -45. Let z = k - -38. What are the prime factors of z?
11
Let f = 19 - 13. Let a = -15 + f. List the prime factors of (a/(-6))/(3/6).
3
Let p = -6 + -2. Let w(g) = -g**3 - 6*g**2 + 12*g + 4. What are the prime factors of w(p)?
2, 3
Let l(n) = 7*n - 7. Let v be l(-5). Let h = 11 - v. Suppose -2*d = -5*i - 20, 0 = 2*d + 4*i + 15 - h. List the prime factors of d.
3, 5
Let r(f) = -4 - f**2 - 6 - 10*f - 8*f**2 - f**3 + 0*f**3. List the prime factors of r(-8).
2, 3
List the prime factors of 6/15 - ((-1753)/5 + 2).
349
Let z = 5 + -2. Suppose 5*u + 0 - 3 = -z*w, -8 = 2*w. Let x(s) = 6*s - 3. What are the prime factors of x(u)?
3, 5
Suppose -5*g = -k + 83, -4*g + k - 55 - 11 = 0. Let c = g + 35. List the prime factors of c.
2, 3
Let b be 18/12*(-16)/(-6). Suppose x = -b*n - 0*x + 48, 4*n + 3*x = 56. What are the prime factors of n?
11
Suppose -5*u + 19 = 3*a, 8 = 4*u + 2*a - 6. What are the prime factors of u?
2
Suppose 0 = 6*d - 12*d + 390. List the prime factors of d.
5, 13
Let j(t) = -t + 5. Let g be 2*1*(5 + -7). Let p be j(g). Suppose -4*u = -4*h + h - p, -h - 14 = -5*u. List the prime factors of u.
3
What are the prime factors of 3/(3 - (-132)/(-46))?
23
Let c be (10/(-3))/((-14)/315). Let a be 4*-2*c/(-24). Suppose -8*q + 3*q = -a. What are the prime factors of q?
5
Let l(m) = m**3 + 9*m**2 - 5*m - 7. Let n be (2 + -5 + 0)*3. List the prime factors of l(n).
2, 19
Suppose -6*x = -x. Suppose 4*z + z + 4*k = 17, -2*z - 5*k = x. List the prime factors of z.
5
Suppose 224 = 4*w - 4*z, -w + 46 = -2*z + 3*z. Let y(f) = f**3 + 3*f**2 - 13*f - 10. Let r be y(-5). Suppose -39 - w = -r*x. What are the prime factors of x?
2, 3
Suppose 0 = 4*k - 0*z - 3*z - 677, -341 = -2*k - z. List the prime factors of k.
2, 5, 17
Let c(g) = -g**3 + 11*g**2 - 7*g - 7. Let p be c(10). Suppose -h = -5*q - p, -4*h = 5*q - 2*q. What are the prime factors of 12 - 0 - 0/q?
2, 3
Suppose 6*a = a - 35. Let y(x) = -x**3 - 6*x**2 + 7*x + 5. Let d be y(a). Suppose -5*r - 38 = -3*l, -r - 4*r - 60 = -d*l. List the prime factors of l.
11
What are the prime factors of (-3512)/(-10) + 68/85?
2, 11
Let l(z) = -z**2 + z - 2. Let i be l(0). Let w = i + 5. What are the prime factors o